divisor of 150 and 130?
10
What is the greatest common divisor of 100 and 325?
25
What is the highest common factor of 390 and 60?
30
What is the highest common factor of 36 and 3636?
36
What is the highest common divisor of 9228 and 12?
12
Calculate the highest common divisor of 51 and 1649.
17
Calculate the highest common divisor of 352 and 110.
22
What is the highest common divisor of 62 and 775?
31
What is the greatest common divisor of 1729 and 52?
13
What is the greatest common divisor of 736 and 3082?
46
What is the greatest common factor of 174 and 667?
29
What is the highest common divisor of 19 and 76?
19
What is the greatest common divisor of 220 and 2145?
55
Calculate the highest common divisor of 10728 and 168.
24
Calculate the greatest common divisor of 1568 and 980.
196
Calculate the greatest common divisor of 33 and 209.
11
What is the highest common divisor of 1180 and 40?
20
Calculate the highest common divisor of 88 and 24.
8
Calculate the greatest common factor of 108 and 9630.
18
Calculate the greatest common factor of 495 and 11.
11
What is the greatest common divisor of 16259 and 142?
71
Calculate the highest common factor of 17 and 323.
17
Calculate the greatest common factor of 16 and 48.
16
Calculate the highest common divisor of 308 and 3058.
22
What is the greatest common factor of 1859 and 176?
11
Calculate the highest common divisor of 168 and 1274.
14
Calculate the greatest common factor of 26 and 34.
2
What is the greatest common factor of 17 and 72641?
17
What is the greatest common factor of 712 and 89?
89
Calculate the highest common factor of 2564 and 4.
4
What is the greatest common divisor of 55 and 297?
11
Calculate the greatest common divisor of 90 and 650.
10
What is the greatest common factor of 32 and 880?
16
What is the greatest common factor of 38 and 1786?
38
What is the highest common factor of 7936 and 2048?
256
What is the greatest common factor of 36 and 48?
12
What is the greatest common divisor of 828 and 360?
36
Calculate the highest common divisor of 132 and 5181.
33
Calculate the highest common factor of 2 and 22.
2
Calculate the greatest common factor of 140 and 5285.
35
What is the greatest common divisor of 248 and 24?
8
What is the greatest common divisor of 1400 and 12800?
200
Calculate the greatest common divisor of 43 and 1247.
43
What is the greatest common factor of 9 and 423?
9
Calculate the highest common factor of 1012 and 437.
23
Calculate the greatest common divisor of 18 and 195.
3
Calculate the greatest common factor of 128 and 2448.
16
What is the greatest common factor of 92 and 437?
23
Calculate the greatest common factor of 110 and 3190.
110
Calculate the highest common factor of 1064 and 1672.
152
Calculate the highest common divisor of 860 and 440.
20
Calculate the greatest common factor of 54 and 19818.
54
Calculate the highest common factor of 1066 and 26.
26
What is the greatest common factor of 52 and 858?
26
What is the highest common divisor of 12 and 6?
6
What is the highest common factor of 510 and 600?
30
Calculate the greatest common divisor of 36 and 5436.
36
What is the greatest common factor of 424 and 8?
8
What is the greatest common factor of 1058 and 92?
46
Calculate the highest common divisor of 338 and 104.
26
What is the greatest common divisor of 60 and 504?
12
What is the highest common factor of 120 and 15?
15
Calculate the highest common factor of 35 and 4235.
35
Calculate the highest common divisor of 2567 and 17.
17
What is the highest common factor of 21 and 3633?
21
Calculate the greatest common factor of 2584 and 304.
152
What is the highest common factor of 45113 and 197?
197
What is the greatest common divisor of 105 and 30?
15
Calculate the greatest common divisor of 400 and 50.
50
What is the highest common factor of 627 and 330?
33
Calculate the greatest common divisor of 9 and 324.
9
What is the greatest common factor of 103 and 14317?
103
What is the greatest common divisor of 3686 and 38?
38
Calculate the highest common factor of 1581 and 102.
51
Calculate the highest common factor of 40 and 3560.
40
Calculate the highest common factor of 4186 and 1274.
182
Calculate the highest common factor of 1015 and 6293.
203
Calculate the greatest common divisor of 1421 and 812.
203
Calculate the highest common factor of 4 and 5.
1
Calculate the greatest common factor of 72 and 192.
24
What is the highest common factor of 493 and 51?
17
What is the greatest common factor of 3 and 99?
3
What is the highest common factor of 15 and 1194?
3
Calculate the greatest common factor of 136 and 748.
68
What is the highest common factor of 154 and 42?
14
Calculate the greatest common factor of 11 and 473.
11
Calculate the highest common divisor of 358 and 3401.
179
Calculate the highest common factor of 3838 and 456.
38
What is the highest common factor of 40 and 256?
8
Calculate the highest common divisor of 240 and 456.
24
Calculate the highest common divisor of 96 and 108.
12
What is the highest common factor of 9 and 63?
9
Calculate the greatest common divisor of 213 and 355.
71
What is the highest common divisor of 5 and 225?
5
Calculate the greatest common factor of 312 and 546.
78
Calculate the greatest common factor of 2915 and 5.
5
What is the greatest common factor of 28 and 5572?
28
Calculate the greatest common divisor of 80 and 288.
16
What is the highest common factor of 561 and 132?
33
Calculate the highest common factor of 855 and 20.
5
Calculate the highest common factor of 96 and 336.
48
Calculate the greatest common factor of 540 and 432.
108
Calculate the highest common divisor of 260 and 100.
20
What is the greatest common factor of 219 and 365?
73
What is the highest common divisor of 48 and 3072?
48
What is the highest common factor of 67 and 871?
67
Calculate the highest common divisor of 252 and 1848.
84
What is the highest common divisor of 90 and 10?
10
What is the greatest common factor of 2596 and 44?
44
Calculate the highest common factor of 1096 and 1781.
137
What is the highest common divisor of 16 and 172?
4
Calculate the greatest common factor of 3657 and 69.
69
What is the highest common divisor of 10 and 1790?
10
Calculate the greatest common factor of 77 and 44.
11
What is the highest common factor of 147 and 6?
3
Calculate the highest common factor of 4394 and 208.
26
Calculate the greatest common divisor of 35 and 2345.
35
Calculate the greatest common divisor of 15 and 16605.
15
What is the highest common divisor of 11785 and 5?
5
Calculate the highest common factor of 3402 and 14.
14
What is the greatest common factor of 276 and 1242?
138
What is the highest common divisor of 1581 and 765?
51
What is the greatest common divisor of 17 and 17?
17
Calculate the greatest common factor of 1875 and 30.
15
Calculate the highest common factor of 115 and 851.
23
What is the highest common factor of 2698 and 266?
38
Calculate the highest common factor of 19 and 3629.
19
What is the highest common divisor of 8881 and 249?
83
What is the greatest common factor of 59370 and 10?
10
What is the greatest common factor of 117 and 17433?
117
What is the highest common divisor of 1075 and 75?
25
What is the highest common factor of 486 and 126?
18
Calculate the greatest common factor of 36 and 90.
18
What is the greatest common factor of 18 and 414?
18
What is the highest common divisor of 1 and 2531?
1
Calculate the highest common factor of 210 and 6125.
35
What is the highest common divisor of 28 and 35?
7
Calculate the highest common divisor of 45 and 660.
15
Calculate the greatest common factor of 189 and 7.
7
What is the highest common factor of 30 and 11655?
15
Calculate the highest common divisor of 36 and 36.
36
Calculate the highest common factor of 1056 and 88.
88
What is the highest common factor of 25 and 1025?
25
What is the greatest common factor of 36 and 40?
4
Calculate the greatest common factor of 16 and 23.
1
Calculate the highest common divisor of 288 and 162.
18
Calculate the greatest common divisor of 12 and 12.
12
Calculate the highest common factor of 15 and 635.
5
Calculate the highest common divisor of 153 and 360.
9
Calculate the greatest common factor of 12 and 384.
12
Calculate the greatest common di